 c be 13/3 - 2/(-3). Suppose 3*f = -3*b + 45, -c*f - 4*b + 6*b + 40 = 0. Calculate the highest common divisor of f and 15.
5
Let n = -103 + 109. What is the greatest common factor of 78 and n?
6
Suppose -94 = -3*s + 86. Calculate the highest common divisor of 24 and s.
12
Suppose 3*z - 3*r = -4 + 37, 2*z + 3*r = 7. Let f be z/(-20) - (-2)/5. Suppose f = 3*b - b - 98. Calculate the highest common divisor of b and 7.
7
Let n = -1 + 4. Calculate the highest common factor of 15 and n.
3
Let h(f) = -f**3 - 3*f**2 + 10*f + 13. Let g be h(-5). Calculate the greatest common factor of 13 and g.
13
Suppose 6*k + 1 - 181 = 0. Calculate the highest common divisor of 45 and k.
15
Let u be -12*(105/(-12))/5. Let p = u - 7. Calculate the greatest common divisor of p and 14.
14
Suppose -5*y + 50 = -5*i - 50, 3*i = -y + 28. What is the greatest common factor of y and 33?
11
Suppose 2*h + 2*j = 50, 4*h = 5*j - 4*j + 80. Suppose 3*m - 7 = -o, -2*o - o = m - 37. Let d = h - o. Calculate the greatest common divisor of 56 and d.
8
Suppose -14 = -3*k + 13. Suppose -z + 2*z = k. Calculate the highest common factor of z and 9.
9
Suppose -2*n = u - 17, 5*u + n - 41 - 17 = 0. Let l(d) = -7*d - 3. Let s be l(-2). Calculate the greatest common factor of u and s.
11
Let u = 64 + -46. Let w be (-9)/2*(-12)/u. Calculate the highest common divisor of 3 and w.
3
Let j(i) = i**2 + 9*i. Let n be j(-9). Suppose n*w - 135 = -3*w. Calculate the greatest common factor of w and 5.
5
Suppose -3*f + 21 = 3. Let a be (-8)/3*9/(-12). Suppose a*g - p = 29, 2*p = 4*g - 2*p - 68. Calculate the highest common factor of g and f.
6
Let x(r) = r**3 + 28*r**2 - 63*r - 21. Let d be x(-30). Suppose -5*v = 4*k - 214, -3*v + 3*k + 70 = -80. What is the greatest common divisor of v and d?
23
Suppose -2*y = -1 + 3. Let c(d) = d. Let w be c(y). Let l = w + 8. What is the highest common divisor of l and 21?
7
Let p = 7 + -28. Let u be (-99)/p + (-4)/(-14). Calculate the greatest common factor of u and 40.
5
Suppose -5*x + 150 = u + 54, 4*x + 3*u = 79. Calculate the highest common factor of 95 and x.
19
Let c = -5 - -17. Suppose -4*a + 4*n = -16 - 0, -4*a + 5*n = -18. Let b be 15*(a/(-10) - -1). What is the highest common divisor of b and c?
12
Let q(t) = -t. Let h be q(-3). Suppose -h*g + g - 3*r = -9, g + 3*r = 6. What is the highest common divisor of 9 and g?
3
Suppose 5*z - 138 = 2*z - 3*n, 5*z + 4*n = 228. Let c = 203 + -199. Calculate the highest common divisor of z and c.
4
Let h(p) = -86*p + 12. Let r be h(-5). Calculate the highest common factor of 34 and r.
34
Let w(s) = 20*s + 4. Let x be w(4). Let m = 32 - 20. What is the greatest common divisor of x and m?
12
Suppose 0*b - b = 1. Let y(o) = -29*o**3 + 1. Let v be y(b). Suppose -i = 7*c - 6*c - 13, -c + 28 = 2*i. Calculate the greatest common factor of i and v.
15
Suppose 8*v - 5 = 3*v, 0 = -5*j + 3*v - 1383. Suppose -10 + 40 = 5*t. Let a be (-4)/t - j/9. What is the greatest common divisor of a and 75?
15
Let u(y) = y**2 - 10*y + 13. Let b be u(9). Let q be ((-4)/(-6))/(b/84). Calculate the greatest common divisor of 14 and q.
14
Suppose 0*f + 54 = 3*f. What is the highest common divisor of 144 and f?
18
Let y be 7/(-2)*(-8)/14. Calculate the greatest common factor of 18 and y.
2
Let u = 17 - -15. What is the greatest common factor of u and 224?
32
Suppose 0 = j - n - n - 87, 5*n - 20 = 0. Suppose 0 = 3*b + b. Suppose 19 = -b*m + m. What is the greatest common divisor of j and m?
19
Let h = -38 + 54. Calculate the greatest common factor of 16 and h.
16
Let g = 105 - 96. Let u = -6 - -8. Suppose -3*b + u = -16. Calculate the greatest common divisor of g and b.
3
Suppose -s + 10 = -2*c, -21 - 43 = -5*s + 3*c. What is the greatest common factor of 28 and s?
14
Let g(w) = w - 9. Let b be g(11). Suppose 0 = -0*t + b*t - 4. Calculate the highest common divisor of 2 and t.
2
Suppose -6*d + 4 = -2*d. Let j(m) = -2*m + 39. Let g be j(19). What is the highest common factor of d and g?
1
Let a(g) = g**3 + 14*g**2 - g + 11. Let q be a(-14). What is the greatest common factor of q and 10?
5
Suppose -4*l = l. Suppose -48 = -l*x - 2*x. Suppose x = y + y. What is the greatest common factor of y and 30?
6
Suppose -j + 87 = j - 3*y, -2*y = -3*j + 118. Let k = -7 - -7. Suppose -a + k*a = -54. Calculate the greatest common divisor of a and j.
18
Let f(v) = -2*v - 2. Let p(d) = 0*d**3 + d**3 - 7 + 8*d**2 - 2*d**3 - 7*d. Let r be p(7). Let b be f(r). What is the highest common factor of b and 96?
12
Suppose -2*k = -5*m - 7*k + 15, -3*m - k = -17. Calculate the greatest common divisor of 1 and m.
1
Suppose m - 4*y - 19 - 1 = 0, -2*y = 4*m - 8. Suppose 33*n = 30*n + 48. Calculate the highest common factor of m and n.
4
Suppose 3*u + 6 - 36 = 0. Calculate the highest common factor of u and 10.
10
Let f = -71 + 113. What is the highest common divisor of f and 6?
6
Let j = -9 + -17. Let a = j + 68. What is the greatest common divisor of a and 14?
14
Suppose -216 = -3*q + q + 4*l, -2*q - l = -216. What is the greatest common factor of q and 12?
12
Suppose -349 = -4*j - 217. Calculate the greatest common factor of 363 and j.
33
Let s be -3 + -1*(-1 - -1). Let i(l) = -2*l**2 - 5*l - 3. Let w be i(s). Let f(d) = d + 7. Let h be f(w). Calculate the highest common divisor of h and 3.
1
Let t = 9 - 7. Suppose -t*h + 120 = 3*h. Calculate the highest common divisor of 16 and h.
8
Suppose w - 296 = -87. What is the highest common factor of 19 and w?
19
Let r be (2 - (-1 + -1)) + -2. Suppose r*i - 5 = -1. Let y be 6/4*i*11. What is the greatest common divisor of 11 and y?
11
Suppose -5*v + 10*v = 20. What is the highest common factor of v and 44?
4
Let g(u) = -u + 22. Let n be g(-10). What is the highest common divisor of 12 and n?
4
Let z(c) = -2*c**2 - 41*c + 13. Let v be z(-19). Calculate the highest common factor of 10 and v.
10
Let w(t) = -t**2 - 8*t + 8. Let x be w(-9). Let p = 3 + x. What is the highest common factor of p and 10?
2
Suppose 0 = -2*c - 1 + 5. Suppose -5 = -c*f + 5. Suppose 0*n - f*n = -30. What is the highest common divisor of 4 and n?
2
Suppose 0 = 5*t - t - 1400. Let i be t/(-15)*6/(-4). Let j(b) = -b**3 + 3*b**2 + 2*b + 1. Let k be j(3). What is the highest common factor of k and i?
7
Let h(g) = -g**3 + g - 5. Let k be h(-4). Let z = -68 + 21. Let o = z - -69. What is the highest common factor of o and k?
11
Let r be 3/(-12) - 255/(-12). What is the greatest common factor of r and 147?
21
Suppose 0 = 4*m - 5*t - 67, 0 = -5*m + 4*t - 9*t + 140. Calculate the greatest common divisor of 46 and m.
23
Let d = -3 - -1. Let s be 94/2 + 4/d. What is the highest common divisor of 5 and s?
5
Let t = -54 + 72. What is the highest common factor of 6 and t?
6
Suppose 0 = 90*y - 87*y - 3. What is the highest common divisor of 9 and y?
1
Suppose 3*q - 233 = 2*i, -86 = -q + i - 2*i. What is the highest common divisor of q and 9?
9
Let q be 2486/77 - (-4)/(-14) - 1. Calculate the highest common factor of 279 and q.
31
Let b = 7 - 6. Suppose -5*a - 2 = 23, -m = a - b. Suppose 5*u = 3*f + 2*f - 310, 5*u = -2*f + 152. What is the highest common factor of m and f?
6
Suppose -5*n - 3*g - g = -103, 0 = -2*g - 6. Suppose 3*d - n = a - 3*a, -24 = -2*d + 3*a. Let p = -12 + 21. What is the greatest common divisor of p and d?
9
Suppose 0 - 6 = 2*m. Let q be (-6)/m + (0 - 8). Let k = -4 - q. What is the greatest common factor of 10 and k?
2
Let v(t) = -t**3 - 18*t**2 - 3*t - 18. Let y be v(-18). Let h(w) = w**2 + 4. Let b be h(0). Calculate the highest common factor of y and b.
4
Suppose 0*m + 2*f = -2*m + 34, -4*m - 2*f + 70 = 0. Calculate the highest common divisor of 162 and m.
18
Let a(d) = -d**2 - 10*d - 9. Suppose -2*r - 2*r - 24 = 0. Let x be a(r). What is the highest common divisor of 5 and x?
5
Let o(p) = -3*p**3 - 4*p**2 - p + 4. Let r be o(-3). Let z = -34 - r. Let h = -26 - z. What is the highest common divisor of h and 24?
12
Let j(x) = -2*x - 8. Let b be j(-11). Calculate the greatest common factor of 7 and b.
7
Let y be 11/((-33)/(-36)) - 0. Calculate the highest common divisor of 30 and y.
6
Let p = 5 - 2. Let k be (p - -24)*4/12. What is the highest common divisor of k and 6?
3
Suppose -3*w + 4*w - 2*r = 148, -3*w = -4*r - 436. Let s(c) = c**2 + 4*c - 1. Let n 